by 967?
735
Calculate the remainder when 53184 is divided by 5198.
1204
Calculate the remainder when 2317954 is divided by 1351.
989
What is the remainder when 4444891 is divided by 54?
43
Calculate the remainder when 320207 is divided by 1753.
1161
Calculate the remainder when 1567513 is divided by 624.
25
What is the remainder when 7564556 is divided by 1720?
1716
Calculate the remainder when 15976266 is divided by 10215.
6
Calculate the remainder when 35397780 is divided by 161.
159
What is the remainder when 1465057 is divided by 118?
87
What is the remainder when 5507443 is divided by 2133?
37
What is the remainder when 2262654 is divided by 56564?
94
Calculate the remainder when 1877228 is divided by 144401.
15
Calculate the remainder when 4517664 is divided by 90.
24
What is the remainder when 29344 is divided by 245?
189
Calculate the remainder when 1635370 is divided by 1869.
1864
Calculate the remainder when 357808 is divided by 2177.
780
What is the remainder when 2265982 is divided by 377618?
274
What is the remainder when 518785 is divided by 2647?
2620
Calculate the remainder when 700227 is divided by 1929.
0
What is the remainder when 67043 is divided by 11117?
341
What is the remainder when 6887 is divided by 2762?
1363
Calculate the remainder when 193345 is divided by 517.
504
What is the remainder when 562512 is divided by 45896?
11760
What is the remainder when 3010636 is divided by 279?
226
What is the remainder when 3686921 is divided by 6655?
51
What is the remainder when 219060 is divided by 109528?
4
Calculate the remainder when 9769511 is divided by 751496.
63
Calculate the remainder when 55641 is divided by 1353.
168
Calculate the remainder when 636181 is divided by 159021.
97
Calculate the remainder when 1088436 is divided by 57286.
2
Calculate the remainder when 30001 is divided by 3325.
76
Calculate the remainder when 1211314 is divided by 459.
13
What is the remainder when 83048 is divided by 57?
56
What is the remainder when 4423578 is divided by 105323?
12
What is the remainder when 7454613 is divided by 1145?
663
What is the remainder when 3542451 is divided by 177?
150
Calculate the remainder when 713650 is divided by 33.
25
Calculate the remainder when 111783 is divided by 12151.
2424
What is the remainder when 61611927 is divided by 165?
102
Calculate the remainder when 8820954 is divided by 2049.
9
Calculate the remainder when 10501675 is divided by 1714.
1711
What is the remainder when 769325 is divided by 3042?
2741
Calculate the remainder when 7880306 is divided by 56.
42
What is the remainder when 9032152 is divided by 1290307?
3
What is the remainder when 111270 is divided by 486?
462
What is the remainder when 155081 is divided by 38750?
81
Calculate the remainder when 223693866 is divided by 12.
6
What is the remainder when 28981 is divided by 1939?
1835
Calculate the remainder when 83563 is divided by 3218.
3113
What is the remainder when 110101 is divided by 1638?
355
What is the remainder when 31542569 is divided by 90?
89
What is the remainder when 1382812 is divided by 734?
690
What is the remainder when 2065837 is divided by 108727?
24
What is the remainder when 11389 is divided by 10?
9
Calculate the remainder when 1257213 is divided by 1218.
237
What is the remainder when 97426 is divided by 32274?
604
What is the remainder when 3155854 is divided by 1529?
1527
Calculate the remainder when 162028564 is divided by 377.
373
Calculate the remainder when 355069 is divided by 17690.
1269
What is the remainder when 17393944 is divided by 15572?
20
What is the remainder when 959940 is divided by 119990?
20
Calculate the remainder when 103347078 is divided by 361.
359
What is the remainder when 79912 is divided by 19925?
212
Calculate the remainder when 31891786 is divided by 25.
11
What is the remainder when 174257 is divided by 416?
369
What is the remainder when 38572 is divided by 390?
352
Calculate the remainder when 24417 is divided by 916.
601
What is the remainder when 11598573 is divided by 32308?
1
Calculate the remainder when 12310184 is divided by 140.
124
What is the remainder when 2624454 is divided by 139?
134
What is the remainder when 86290 is divided by 1626?
112
Calculate the remainder when 348016 is divided by 12679.
5683
What is the remainder when 254479 is divided by 12048?
1471
Calculate the remainder when 8441007 is divided by 270.
267
What is the remainder when 181634 is divided by 60460?
254
What is the remainder when 15690998 is divided by 72?
38
What is the remainder when 1847465 is divided by 184744?
25
Calculate the remainder when 6142336 is divided by 275.
211
What is the remainder when 2720578 is divided by 82?
64
What is the remainder when 1615218 is divided by 14?
10
Calculate the remainder when 6161145 is divided by 298.
293
Calculate the remainder when 192998709 is divided by 83.
54
Calculate the remainder when 234054 is divided by 226054.
8000
What is the remainder when 7821 is divided by 6591?
1230
Calculate the remainder when 7775489 is divided by 7.
1
What is the remainder when 18560307 is divided by 15?
12
Calculate the remainder when 12584 is divided by 6224.
136
Calculate the remainder when 381672718 is divided by 80.
78
Calculate the remainder when 1658350 is divided by 829164.
22
Calculate the remainder when 9182626 is divided by 106.
58
What is the remainder when 836908 is divided by 162?
16
What is the remainder when 205990 is divided by 205639?
351
What is the remainder when 509041 is divided by 2242?
107
What is the remainder when 782142 is divided by 3558?
2940
What is the remainder when 330894 is divided by 330889?
5
What is the remainder when 1025711 is divided by 176?
159
Calculate the remainder when 17885540 is divided by 3479.
1
What is the remainder when 2485986 is divided by 206994?
2058
What is the remainder when 398170 is divided by 1021?
1001
Calculate the remainder when 899203 is divided by 113.
62
Calculate the remainder when 1892033 is divided by 630633.
134
Calculate the remainder when 22623158 is divided by 4324.
4314
Calculate the remainder when 34919200 is divided by 1432.
1312
What is the remainder when 271401 is divided by 156?
117
Calculate the remainder when 26075893 is divided by 3725125.
18
Calculate the remainder when 63320 is divided by 31657.
6
What is the remainder when 126566 is divided by 21031?
380
What is the remainder when 2455027 is divided by 306878?
3
What is the remainder when 196502 is divided by 195972?
530
Calculate the remainder when 170761 is divided by 612.
13
What is the remainder when 6258370 is divided by 2086118?
16
What is the remainder when 46975 is divided by 6696?
103
Calculate the remainder when 49511078 is divided by 219.
215
Calculate the remainder when 35136 is divided by 26.
10
What is the remainder when 1426159 is divided by 6148?
5971
Calculate the remainder when 25731124 is divided by 8577036.
16
Calculate the remainder when 953464 is divided by 1248.
1240
What is the remainder when 150204804 is divided by 30?
24
What is the remainder when 507114 is divided by 5452?
78
Calculate the remainder when 235724 is divided by 235228.
496
What is the remainder when 9736557 is divided by 3245498?
63
What is the remainder when 2967662 is divided by 2403?
2360
Calculate the remainder when 749262 is divided by 2159.
89
What is the remainder when 65287 is divided by 65206?
81
What is the remainder when 1077252 is divided by 41425?
202
What is the remainder when 113274621 is divided by 56637306?
9
Calculate the remainder when 82901 is divided by 16431.
746
What is the remainder when 887835 is divided by 28541?
3064
What is the remainder when 1962060 is divided by 23?
22
What is the remainder when 65861139 is divided by 5190?
39
Calculate the remainder when 268884 is divided by 493.
199
What is the remainder when 7995104 is divided by 119325?
329
What is the remainder when 1108961 is divided by 768?
737
Calculate the remainder when 363278 is divided by 60514.
194
Calculate the remainder when 1387857 is divided by 948.
933
What is the remainder when 61619 is divided by 15212?
771
What is the remainder when 296803 is divided by 174?
133
What is the remainder when 144072571 is divided by 118?
117
Calculate t